+ 5*c + 14 = 43. Calculate the remainder when 479 is divided by f.
11
Suppose -3*m - m + 192 = 0. Suppose m - 120 = -l. Let u = -43 + l. What is the remainder when u is divided by 10?
9
Let b be -6 + 13 - 5 - 29/1. Let h = b + 27. Suppose -2*k + 178 = -2*u, 0 = -h*u - u. Calculate the remainder when k is divided by 18.
17
Let z = 2 - 2. Suppose -5*r + 148 = -0*r + 4*b, z = 5*r - 3*b - 169. Suppose 4215*m - 144 = 4199*m. Calculate the remainder when r is divided by m.
5
Let a = 519 - 297. Suppose 0 = 8*u - 5*g - 150, -34*u = -32*u + 5*g. Calculate the remainder when a is divided by u.
12
Let o(z) = 0 + 2 + 0*z + z - 2*z. Let l(q) = 6*q + 34. What is the remainder when l(3) is divided by o(-12)?
10
Let q = -11853 + 12498. Calculate the remainder when q is divided by 178.
111
Let o(u) = u**3 + 4*u**2 - 2*u. Suppose 5*f + 18 = 2*a + 5, 1 = -2*f + 5*a. Calculate the remainder when (-4 - (-96)/36) + (728/6)/4 is divided by o(f).
14
What is the remainder when 728 is divided by 58/(-870) - 4442/(-30)?
136
Suppose -5*g + 1983 = 4*r, 5*r + 296 = 4*g - 1233. Calculate the remainder when g is divided by 122.
25
Suppose -7 - 23 = -3*z + 5*f, -4*z - 5*f + 75 = 0. Let t = 13464 + -13420. What is the remainder when t is divided by z?
14
Let u = -25 - -35. Suppose -6*s - 28 = -u*s. Suppose -3*x = -g - 159, 5*g - 212 = 3*x - 7*x. Calculate the remainder when x is divided by s.
4
Let k(a) = -8*a - 84. Let l be k(16). Let r = -150 - l. Suppose 0 = 2*c + c - 48. What is the remainder when r is divided by c?
14
Suppose 113*w = 131*w - 432. Calculate the remainder when 596 is divided by w.
20
Suppose -18*v - 27 + 423 = 0. Suppose v*z = -9*z + 186. Calculate the remainder when 18 is divided by z.
0
Suppose 7*d = 4*d + 363. Suppose 2*v = 5*k - 118, -2*v + 3*v - d = -5*k. What is the remainder when 4 + (-138)/36 - (-538)/12 is divided by k?
21
Let r(w) = -4*w + 12. Let s be r(16). Let a = 60 + s. Suppose 3*i + 35 = a*i. What is the remainder when 24 is divided by i?
3
Suppose 938 = 2*u + 396 - 804. What is the remainder when 1359 is divided by u?
13
Suppose 18*x = 25*x - 21. Suppose 0 = c + x, 8*p - 757 = 3*p + 4*c. What is the remainder when p is divided by 31?
25
Let f = 455 + 147. What is the remainder when f is divided by 11?
8
Suppose 11*y + 4*y = 3*y + 192. Calculate the remainder when 2861 is divided by y.
13
Suppose 11*u = 7*u + 8. Suppose 2*z = 8, -u*p + 7*p + 2*z = 1758. Calculate the remainder when 83 is divided by (p/(-4))/(-7) + 4/(-8).
11
Let w(g) = g**3 - 4*g**2 - g - 11. Let y be w(4). Let t = -3 - -6. What is the remainder when 29 is divided by ((-35)/y - 1)*t*1?
1
Let w(p) = p**3 + 10*p**2 + 9*p - 19. Let z be w(-6). Let b(q) = 2*q**2 - 1. Let a be b(-2). Suppose -s - a = -z. What is the remainder when s is divided by 17?
13
Let p(o) = -105*o**2 + 51*o**2 + o**3 + 10*o + 62*o**2 + 4. Suppose 5*w = 4*w + 2. Calculate the remainder when p(-6) is divided by w.
0
Let f = 6764 - 6698. What is the remainder when 487 is divided by f?
25
Let w(m) = -m**2 + 8*m - 1. Let o be w(8). Suppose h - 4*g = -9 - 25, -61 = 4*h - g. Calculate the remainder when 16 is divided by h/(-2) + o + 5.
5
Let y = 9918 + -5696. What is the remainder when y is divided by 96?
94
Suppose -4*g + c = g - 30, 2*g + 5*c + 15 = 0. Suppose g*i - 74 = -19. What is the remainder when 130 is divided by i?
9
Calculate the remainder when 5832/270*(2676/120 + 1/5) is divided by 136.
78
Let z = -17386 + 17903. What is the remainder when z is divided by 74?
73
Suppose 318 - 57 = 5*w + 4*c, 3*w + 3*c = 159. What is the remainder when w is divided by (-16)/32 + (-5)/50 - (-84)/15?
4
Suppose t - 18*t = -119. What is the remainder when (4/t)/(24/2856) is divided by 20?
8
What is the remainder when (0 - 5)*-1 - (0 + 1*-876) is divided by 104?
49
Let u be (-8)/((-96)/(-30))*-2. Suppose 45 = 5*i - u*o, 4*i - 35 = -3*o + 36. Calculate the remainder when 151 is divided by i.
11
Calculate the remainder when 57 is divided by (18 - 11) + (5 - (-16 + 1)).
3
Let g = -31 + 48. Suppose r + g = 49. Suppose -r*i + 136 = -28*i. Calculate the remainder when i is divided by 13.
8
Let j(z) = z**2 - 16*z + 4. Let y be j(16). Suppose -125 - 83 = -y*b. Calculate the remainder when b is divided by (-4 - 0)/(68/(-85)).
2
Suppose -53*t + 378 = -52*t. Suppose 384*g = t*g + 60. Calculate the remainder when 43 is divided by g.
3
Let q(m) be the first derivative of m**3 - 3*m**2 + m - 6. Calculate the remainder when (-7)/2*(-29 + 1) is divided by q(4).
23
Let o = 83 + 905. Calculate the remainder when o is divided by 100.
88
Let g = 28877 + -28830. Calculate the remainder when (-2)/(-8) + (-739)/(-4) is divided by g.
44
Let b = -7348 + 11110. Calculate the remainder when b is divided by 53.
52
Let t = 4 - -8. Suppose i - 55 = -5*m, 2*m = 5*i + 7*m - 195. Calculate the remainder when i is divided by t.
11
Suppose -o = -0*i - 5*i - 37, 4*o - 4*i - 148 = 0. Calculate the remainder when 389 is divided by o.
19
Suppose -z + 391 = 3*l, 3*z - 2629 = -4*z - 3*l. What is the remainder when z is divided by 91?
9
Let b(t) = 4*t - 1. Let i be b(1). Calculate the remainder when 23 is divided by (0 - 24/(-9))*i.
7
Suppose 207*g - 3014 + 449 = 36*g. Let o = -97 - -515. Calculate the remainder when o is divided by g.
13
Suppose 0 = 3*h - 2*i - 196, 45*h - 203 = 42*h - 5*i. Calculate the remainder when 1048 is divided by h.
58
Let g(h) = -7*h**3 - 18*h**2 - 13*h + 8. Calculate the remainder when g(-5) is divided by 118.
26
What is the remainder when 806 is divided by (-405)/162*(-1 + (-11)/5)?
6
Let g = 343 + -333. Let r(q) = q**3 + 15*q**2 + 8*q - 2. Calculate the remainder when r(-14) is divided by g.
2
What is the remainder when ((0 - 39)/((-120)/(-16)))/(4/(-130)) is divided by 141?
28
Let r = 102 + -83. Suppose 2*l - 3*z - 57 - r = 0, 5*l - 212 = 2*z. Calculate the remainder when l is divided by 25.
19
Let v(k) = -2*k**2 + 69*k - 527. Calculate the remainder when 719 is divided by v(20).
30
Let u be ((-108)/14)/(2/14). Let l = u - -87. Suppose j - l = -3*b, 0 = -b - 2*j - 0*j + 6. What is the remainder when 32 is divided by b?
8
Suppose -2*q + 4*q - 6 = 0. Suppose 0*m - q*m = -36. Suppose 0 = -2*j - m + 56. What is the remainder when 63 is divided by j?
19
Let f be (28/8 - -1)*(-4)/(-9). Let r(i) = 2*i**3 + 4*i - 9. Suppose 6 = y - 0*y. Calculate the remainder when r(f) is divided by y.
3
Suppose 3*p + 3*q + 7 = p, 7 = -3*p - q. What is the remainder when (-87)/((p - -3)*-3 - -2) is divided by 20?
7
Let v be (1 + 12/(-8))*0. Suppose -5*i - 68 + 98 = v. Calculate the remainder when 21 is divided by i.
3
Let p(o) be the first derivative of 2*o**3/3 + 23*o**2/2 + 152*o + 87. Suppose 0 = k - 6 - 16. What is the remainder when p(-5) is divided by k?
21
What is the remainder when 820 is divided by 19 + ((5 + (-5 - 0))/(-3) - -4)?
15
Suppose -u + 0*u + 94 = 0. Suppose -24*o = 2*o + 832. What is the remainder when u is divided by (o/(-12) + 0)*(-1 + 10)?
22
Suppose 197*a - 116504 = 86012. Calculate the remainder when a is divided by 169.
14
Let v(g) = -7 - g**2 + 4*g + 3*g**2 - 8*g. Let l be v(-4). Suppose -2*w = -3*j + l, -w = 2*j - 0*w - 25. Calculate the remainder when 36 is divided by j.
10
Let n be (-4)/(-16) + (-12)/(-16). What is the remainder when 121 is divided by (305/15)/((-1)/(-3)*n)?
60
Suppose 5*c - 225 = -0*c. Let p(t) = -2*t**2 + 23*t - 17. Calculate the remainder when c is divided by p(10).
6
Suppose -32*m + 220 = -21*m. Calculate the remainder when 198 is divided by m.
18
What is the remainder when (-2664)/(-8) + -13 + -8 is divided by (-447)/(-21) + 4/(-14)?
18
Let w = -10221 + 10352. What is the remainder when 343 is divided by w?
81
Let m(w) = 15*w - 83. Let l be m(6). Suppose -3*s = -4*t - 42, l*s = 5*s - 4*t + 8. What is the remainder when 26 is divided by s?
6
Suppose 11*g + 66 = 176. Let o = 1 - 0. Calculate the remainder when ((-106)/g)/((-2)/10) + o is divided by 29.
25
Let a be (-1)/(-5) - (-236)/20. Suppose -2*b + a = -6*b, 5*g - 76 = 2*b. Suppose 300 = -7*v + 23*v + 44*v. Calculate the remainder when g is divided by v.
4
Suppose 2*d + 4 = 12. Suppose 0 = -2*g, -2*i - d = -4*i + 4*g. Suppose z - 16 = -i. What is the remainder when 26 is divided by z?
12
Let k(s) = s**2 + 10*s + 30. Let o be k(-6). Suppose o*f = 4 + 